{"id":1954,"date":"2021-07-31T13:18:30","date_gmt":"2021-07-31T16:18:30","guid":{"rendered":"https:\/\/midiapoparte.com.br\/loja\/?page_id=1954"},"modified":"2021-07-31T13:45:54","modified_gmt":"2021-07-31T16:45:54","slug":"quadros-decorativos-canvas-modernos-elegantes","status":"publish","type":"page","link":"https:\/\/midiapoparte.com.br\/loja\/quadros-decorativos-canvas-modernos-elegantes\/","title":{"rendered":"Quadros decorativos"},"content":{"rendered":"\t\t<div data-elementor-type=\"wp-page\" data-elementor-id=\"1954\" class=\"elementor elementor-1954\" data-elementor-post-type=\"page\">\n\t\t\t\t\t\t<section class=\"elementor-section elementor-top-section elementor-element elementor-element-13f4f24 elementor-section-boxed elementor-section-height-default elementor-section-height-default\" data-id=\"13f4f24\" data-element_type=\"section\" data-e-type=\"section\">\n\t\t\t\t\t\t<div class=\"elementor-container elementor-column-gap-default\">\n\t\t\t\t\t<div class=\"elementor-column elementor-col-100 elementor-top-column elementor-element elementor-element-3e6d946\" data-id=\"3e6d946\" data-element_type=\"column\" data-e-type=\"column\">\n\t\t\t<div class=\"elementor-widget-wrap elementor-element-populated\">\n\t\t\t\t\t\t<div class=\"elementor-element elementor-element-c9370ac elementor-widget elementor-widget-spacer\" data-id=\"c9370ac\" data-element_type=\"widget\" data-e-type=\"widget\" data-widget_type=\"spacer.default\">\n\t\t\t\t<div class=\"elementor-widget-container\">\n\t\t\t\t\t\t\t<div class=\"elementor-spacer\">\n\t\t\t<div class=\"elementor-spacer-inner\"><\/div>\n\t\t<\/div>\n\t\t\t\t\t\t<\/div>\n\t\t\t\t<\/div>\n\t\t\t\t<div class=\"elementor-element elementor-element-b5cf435 elementor-widget elementor-widget-heading\" data-id=\"b5cf435\" data-element_type=\"widget\" data-e-type=\"widget\" data-widget_type=\"heading.default\">\n\t\t\t\t<div class=\"elementor-widget-container\">\n\t\t\t\t\t<h1 class=\"elementor-heading-title elementor-size-default\">Quadros Decorativos<\/h1>\t\t\t\t<\/div>\n\t\t\t\t<\/div>\n\t\t\t\t\t<\/div>\n\t\t<\/div>\n\t\t\t\t\t<\/div>\n\t\t<\/section>\n\t\t\t\t<section class=\"elementor-section elementor-top-section elementor-element elementor-element-3f94f55 elementor-section-boxed elementor-section-height-default elementor-section-height-default\" data-id=\"3f94f55\" data-element_type=\"section\" data-e-type=\"section\">\n\t\t\t\t\t\t<div class=\"elementor-container elementor-column-gap-default\">\n\t\t\t\t\t<div class=\"elementor-column elementor-col-100 elementor-top-column elementor-element elementor-element-1d0b384\" data-id=\"1d0b384\" data-element_type=\"column\" data-e-type=\"column\">\n\t\t\t<div class=\"elementor-widget-wrap elementor-element-populated\">\n\t\t\t\t\t\t<div class=\"elementor-element elementor-element-51737c3 elementor-widget elementor-widget-text-editor\" data-id=\"51737c3\" data-element_type=\"widget\" data-e-type=\"widget\" data-widget_type=\"text-editor.default\">\n\t\t\t\t<div class=\"elementor-widget-container\">\n\t\t\t\t\t\t\t\t\t<p><span style=\"font-weight: 400;\">Quadros decorativos modernos e elegantes s\u00e3o uma especialidade da MidiaPopArte. Com muita variedade de modelos, formatos e tamanhos contamos uma linha completa com lindos quadros decorativos para decorar ambientes como: salas, quartos, escrit\u00f3rios e muito mais.<\/span><\/p><p><span style=\"font-weight: 400;\">Nossos quadros s\u00e3o produzidos com o que h\u00e1 de melhor. Toda a nossa linha \u00e9 confeccionada a partir de uma impress\u00e3o de alt\u00edssima defini\u00e7\u00e3o em tecido ou tela canvas original esticada sobre chassis de madeira em eucalipto com 3,4 cm de espessura. Uma estrutura refor\u00e7ada que garante mais durabilidade em todas as nossas pe\u00e7as.<\/span><\/p>\t\t\t\t\t\t\t\t<\/div>\n\t\t\t\t<\/div>\n\t\t\t\t\t<\/div>\n\t\t<\/div>\n\t\t\t\t\t<\/div>\n\t\t<\/section>\n\t\t\t\t<section class=\"elementor-section elementor-top-section elementor-element elementor-element-d38d7a2 elementor-section-boxed elementor-section-height-default elementor-section-height-default\" data-id=\"d38d7a2\" data-element_type=\"section\" data-e-type=\"section\">\n\t\t\t\t\t\t<div class=\"elementor-container elementor-column-gap-default\">\n\t\t\t\t\t<div class=\"elementor-column elementor-col-100 elementor-top-column elementor-element elementor-element-a9bbbde\" data-id=\"a9bbbde\" data-element_type=\"column\" data-e-type=\"column\">\n\t\t\t<div class=\"elementor-widget-wrap elementor-element-populated\">\n\t\t\t\t\t\t<div class=\"elementor-element elementor-element-7a13f53 elementor-widget elementor-widget-heading\" data-id=\"7a13f53\" data-element_type=\"widget\" data-e-type=\"widget\" data-widget_type=\"heading.default\">\n\t\t\t\t<div class=\"elementor-widget-container\">\n\t\t\t\t\t<h2 class=\"elementor-heading-title elementor-size-default\">Quadros decorativos em canvas<\/h2>\t\t\t\t<\/div>\n\t\t\t\t<\/div>\n\t\t\t\t<div class=\"elementor-element elementor-element-b63da13 elementor-widget elementor-widget-text-editor\" data-id=\"b63da13\" data-element_type=\"widget\" data-e-type=\"widget\" data-widget_type=\"text-editor.default\">\n\t\t\t\t<div class=\"elementor-widget-container\">\n\t\t\t\t\t\t\t\t\t<p><span style=\"font-weight: 400;\">Os quadros decorativos em canvas \u00e9 base para toda a nossa linha. O tecido ou tela canvas como \u00e9 conhecido, \u00e9 o mesmo material usado em telas decorativas expostas em galerias de arte expostas no mundo todo. A MidiaPopArte \u00e9 especializada nesse tipo de impress\u00e3o, contamos com equipamentos e suprimentos de primeira linha, que garantem o que h\u00e1 de melhor no segmento e nos orgulhamos da qualidade de nossos produtos.<\/span><\/p><p>\u00a0<\/p><p><span style=\"font-weight: 400;\">Nossos quadros em canvas, al\u00e9m de serem impressos em alta resolu\u00e7\u00e3o com cores surpreendentes, recebem em seu acabamento uma camada de verniz sobre a tela, o que aumenta sua durabilidade e diminui a opacidade que \u00e9 comum em impress\u00f5es em tela canvas.<\/span><\/p>\t\t\t\t\t\t\t\t<\/div>\n\t\t\t\t<\/div>\n\t\t\t\t\t<\/div>\n\t\t<\/div>\n\t\t\t\t\t<\/div>\n\t\t<\/section>\n\t\t\t\t<section class=\"elementor-section elementor-top-section elementor-element elementor-element-4e9b593 elementor-section-boxed elementor-section-height-default elementor-section-height-default\" data-id=\"4e9b593\" data-element_type=\"section\" data-e-type=\"section\">\n\t\t\t\t\t\t<div class=\"elementor-container elementor-column-gap-default\">\n\t\t\t\t\t<div class=\"elementor-column elementor-col-100 elementor-top-column elementor-element elementor-element-43be47c\" data-id=\"43be47c\" data-element_type=\"column\" data-e-type=\"column\">\n\t\t\t<div class=\"elementor-widget-wrap elementor-element-populated\">\n\t\t\t\t\t\t<div class=\"elementor-element elementor-element-8b16005 elementor-widget elementor-widget-heading\" data-id=\"8b16005\" data-element_type=\"widget\" data-e-type=\"widget\" data-widget_type=\"heading.default\">\n\t\t\t\t<div class=\"elementor-widget-container\">\n\t\t\t\t\t<h2 class=\"elementor-heading-title elementor-size-default\">Chassis de madeira em eucalipto<\/h2>\t\t\t\t<\/div>\n\t\t\t\t<\/div>\n\t\t\t\t<div class=\"elementor-element elementor-element-c6681ea elementor-widget elementor-widget-text-editor\" data-id=\"c6681ea\" data-element_type=\"widget\" data-e-type=\"widget\" data-widget_type=\"text-editor.default\">\n\t\t\t\t<div class=\"elementor-widget-container\">\n\t\t\t\t\t\t\t\t\t<p><span style=\"font-weight: 400;\">Toda nossa linha de quadros ou telas decorativas, s\u00e3o estruturados com chassis de madeira de eucalipto bastante refor\u00e7ada, robusta e de muita qualidade e durabilidade.<\/span><\/p><p><span style=\"font-weight: 400;\">Quanto a isso, garantimos o que h\u00e1 de melhor em nossos produtos. Tenha a certeza que ao adquirir uma quadro que leva a nossa marca, est\u00e1 tamb\u00e9m, adquirindo um produto premium.<\/span><\/p>\t\t\t\t\t\t\t\t<\/div>\n\t\t\t\t<\/div>\n\t\t\t\t\t<\/div>\n\t\t<\/div>\n\t\t\t\t\t<\/div>\n\t\t<\/section>\n\t\t\t\t<section class=\"elementor-section elementor-top-section elementor-element elementor-element-d17a781 elementor-section-boxed elementor-section-height-default elementor-section-height-default\" data-id=\"d17a781\" data-element_type=\"section\" data-e-type=\"section\">\n\t\t\t\t\t\t<div class=\"elementor-container elementor-column-gap-default\">\n\t\t\t\t\t<div class=\"elementor-column elementor-col-100 elementor-top-column elementor-element elementor-element-09d9533\" data-id=\"09d9533\" data-element_type=\"column\" data-e-type=\"column\">\n\t\t\t<div class=\"elementor-widget-wrap elementor-element-populated\">\n\t\t\t\t\t\t<div class=\"elementor-element elementor-element-f772c4c elementor-widget elementor-widget-heading\" data-id=\"f772c4c\" data-element_type=\"widget\" data-e-type=\"widget\" data-widget_type=\"heading.default\">\n\t\t\t\t<div class=\"elementor-widget-container\">\n\t\t\t\t\t<h2 class=\"elementor-heading-title elementor-size-default\">Impress\u00e3o em tecido ou tela canvas<\/h2>\t\t\t\t<\/div>\n\t\t\t\t<\/div>\n\t\t\t\t<div class=\"elementor-element elementor-element-476f31b elementor-widget elementor-widget-text-editor\" data-id=\"476f31b\" data-element_type=\"widget\" data-e-type=\"widget\" data-widget_type=\"text-editor.default\">\n\t\t\t\t<div class=\"elementor-widget-container\">\n\t\t\t\t\t\t\t\t\t<p><span style=\"font-weight: 400;\">Nossas impress\u00f5es s\u00e3o realizadas a partir de equipamentos de ponta com o que h\u00e1 de mais moderno o que nos permite oferecer uma impress\u00e3o de qualidade com alta resolu\u00e7\u00e3o e cores vibrantes. Temos a certeza que ir\u00e1 se surpreender com os nossos quadros impressos em tecido canvas. <\/span><\/p>\t\t\t\t\t\t\t\t<\/div>\n\t\t\t\t<\/div>\n\t\t\t\t\t<\/div>\n\t\t<\/div>\n\t\t\t\t\t<\/div>\n\t\t<\/section>\n\t\t\t\t<section class=\"elementor-section elementor-top-section elementor-element elementor-element-2a4fa76 elementor-section-boxed elementor-section-height-default elementor-section-height-default\" data-id=\"2a4fa76\" data-element_type=\"section\" data-e-type=\"section\">\n\t\t\t\t\t\t<div class=\"elementor-container elementor-column-gap-default\">\n\t\t\t\t\t<div class=\"elementor-column elementor-col-100 elementor-top-column elementor-element elementor-element-b85c66e\" data-id=\"b85c66e\" data-element_type=\"column\" data-e-type=\"column\">\n\t\t\t<div class=\"elementor-widget-wrap elementor-element-populated\">\n\t\t\t\t\t\t<div class=\"elementor-element elementor-element-cb548fa elementor-widget elementor-widget-heading\" data-id=\"cb548fa\" data-element_type=\"widget\" data-e-type=\"widget\" data-widget_type=\"heading.default\">\n\t\t\t\t<div class=\"elementor-widget-container\">\n\t\t\t\t\t<h2 class=\"elementor-heading-title elementor-size-default\">Quadros com molduras<\/h2>\t\t\t\t<\/div>\n\t\t\t\t<\/div>\n\t\t\t\t<div class=\"elementor-element elementor-element-40509cf elementor-widget elementor-widget-text-editor\" data-id=\"40509cf\" data-element_type=\"widget\" data-e-type=\"widget\" data-widget_type=\"text-editor.default\">\n\t\t\t\t<div class=\"elementor-widget-container\">\n\t\t\t\t\t\t\t\t\t<p><span style=\"font-weight: 400;\">Al\u00e9m de ter em nosso cat\u00e1logo, quadros ou telas decorativas em canvas esticado sobre chassis de madeira, todas as nossas pe\u00e7as oferecem tamb\u00e9m a op\u00e7\u00e3o de acabamentos em moldura canaleta nas cores: branca, preta e tons de madeira.<\/span><\/p><p><span style=\"font-weight: 400;\">As molduras canaletas permitem um acabamento mais sofisticado em nossas pe\u00e7as o que agrega ainda mais valor na nossa linha. <\/span><\/p>\t\t\t\t\t\t\t\t<\/div>\n\t\t\t\t<\/div>\n\t\t\t\t<div class=\"elementor-element elementor-element-45f4db7 elementor-widget elementor-widget-spacer\" data-id=\"45f4db7\" data-element_type=\"widget\" data-e-type=\"widget\" data-widget_type=\"spacer.default\">\n\t\t\t\t<div class=\"elementor-widget-container\">\n\t\t\t\t\t\t\t<div class=\"elementor-spacer\">\n\t\t\t<div class=\"elementor-spacer-inner\"><\/div>\n\t\t<\/div>\n\t\t\t\t\t\t<\/div>\n\t\t\t\t<\/div>\n\t\t\t\t\t<\/div>\n\t\t<\/div>\n\t\t\t\t\t<\/div>\n\t\t<\/section>\n\t\t\t\t<\/div>\n\t\t","protected":false},"excerpt":{"rendered":"<p>Quadros Decorativos Quadros decorativos modernos e elegantes s\u00e3o uma especialidade da MidiaPopArte. Com muita variedade de modelos, formatos e tamanhos contamos uma linha completa com lindos quadros decorativos para decorar ambientes como: salas, quartos, escrit\u00f3rios e muito mais. Nossos quadros s\u00e3o produzidos com o que h\u00e1 de melhor. Toda a nossa linha \u00e9 confeccionada a [&hellip;]<\/p>\n","protected":false},"author":1,"featured_media":0,"parent":0,"menu_order":0,"comment_status":"closed","ping_status":"closed","template":"elementor_header_footer","meta":{"footnotes":""},"class_list":["post-1954","page","type-page","status-publish","hentry"],"yoast_head":"<!-- This site is optimized with the Yoast SEO Premium plugin v25.6 (Yoast SEO v27.0) - https:\/\/yoast.com\/product\/yoast-seo-premium-wordpress\/ -->\n<title>Quadros decorativos - MIDIAPOPARTE<\/title>\n<meta name=\"description\" content=\"Quadros decorativos canvas, telas decorativas em canvas. Op\u00e7\u00f5es de quadros em canvas para salas, quartos e escrit\u00f3rios\" \/>\n<meta name=\"robots\" content=\"index, follow, max-snippet:-1, max-image-preview:large, max-video-preview:-1\" \/>\n<link rel=\"canonical\" href=\"https:\/\/midiapoparte.com.br\/loja\/quadros-decorativos-canvas-modernos-elegantes\/\" \/>\n<meta property=\"og:locale\" content=\"pt_BR\" \/>\n<meta property=\"og:type\" content=\"article\" \/>\n<meta property=\"og:title\" content=\"Quadros decorativos\" \/>\n<meta property=\"og:description\" content=\"Quadros decorativos canvas, telas decorativas em canvas. Op\u00e7\u00f5es de quadros em canvas para salas, quartos e escrit\u00f3rios\" \/>\n<meta property=\"og:url\" content=\"https:\/\/midiapoparte.com.br\/loja\/quadros-decorativos-canvas-modernos-elegantes\/\" \/>\n<meta property=\"og:site_name\" content=\"MIDIAPOPARTE\" \/>\n<meta property=\"article:publisher\" content=\"https:\/\/www.facebook.com\/midiaprintnet\" \/>\n<meta property=\"article:modified_time\" content=\"2021-07-31T16:45:54+00:00\" \/>\n<meta name=\"twitter:card\" content=\"summary_large_image\" \/>\n<meta name=\"twitter:label1\" content=\"Est. tempo de leitura\" \/>\n\t<meta name=\"twitter:data1\" content=\"2 minutos\" \/>\n<script type=\"application\/ld+json\" class=\"yoast-schema-graph\">{\"@context\":\"https:\/\/schema.org\",\"@graph\":[{\"@type\":\"WebPage\",\"@id\":\"https:\/\/midiapoparte.com.br\/loja\/quadros-decorativos-canvas-modernos-elegantes\/\",\"url\":\"https:\/\/midiapoparte.com.br\/loja\/quadros-decorativos-canvas-modernos-elegantes\/\",\"name\":\"Quadros decorativos - MIDIAPOPARTE\",\"isPartOf\":{\"@id\":\"https:\/\/midiapoparte.com.br\/loja\/#website\"},\"datePublished\":\"2021-07-31T16:18:30+00:00\",\"dateModified\":\"2021-07-31T16:45:54+00:00\",\"description\":\"Quadros decorativos canvas, telas decorativas em canvas. Op\u00e7\u00f5es de quadros em canvas para salas, quartos e escrit\u00f3rios\",\"breadcrumb\":{\"@id\":\"https:\/\/midiapoparte.com.br\/loja\/quadros-decorativos-canvas-modernos-elegantes\/#breadcrumb\"},\"inLanguage\":\"pt-BR\",\"potentialAction\":[{\"@type\":\"ReadAction\",\"target\":[\"https:\/\/midiapoparte.com.br\/loja\/quadros-decorativos-canvas-modernos-elegantes\/\"]}]},{\"@type\":\"BreadcrumbList\",\"@id\":\"https:\/\/midiapoparte.com.br\/loja\/quadros-decorativos-canvas-modernos-elegantes\/#breadcrumb\",\"itemListElement\":[{\"@type\":\"ListItem\",\"position\":1,\"name\":\"Home\",\"item\":\"https:\/\/midiapoparte.com.br\/loja\/\"},{\"@type\":\"ListItem\",\"position\":2,\"name\":\"Quadros decorativos\"}]},{\"@type\":\"WebSite\",\"@id\":\"https:\/\/midiapoparte.com.br\/loja\/#website\",\"url\":\"https:\/\/midiapoparte.com.br\/loja\/\",\"name\":\"MIDIAPOPARTE\",\"description\":\"Loja Online de Quadros Decorativos Exclusivos\",\"publisher\":{\"@id\":\"https:\/\/midiapoparte.com.br\/loja\/#organization\"},\"potentialAction\":[{\"@type\":\"SearchAction\",\"target\":{\"@type\":\"EntryPoint\",\"urlTemplate\":\"https:\/\/midiapoparte.com.br\/loja\/?s={search_term_string}\"},\"query-input\":{\"@type\":\"PropertyValueSpecification\",\"valueRequired\":true,\"valueName\":\"search_term_string\"}}],\"inLanguage\":\"pt-BR\"},{\"@type\":\"Organization\",\"@id\":\"https:\/\/midiapoparte.com.br\/loja\/#organization\",\"name\":\"MidiaPopArte - Loja online de quadros decorativos exclusivos\",\"url\":\"https:\/\/midiapoparte.com.br\/loja\/\",\"logo\":{\"@type\":\"ImageObject\",\"inLanguage\":\"pt-BR\",\"@id\":\"https:\/\/midiapoparte.com.br\/loja\/#\/schema\/logo\/image\/\",\"url\":\"https:\/\/midiapoparte.com.br\/loja\/wp-content\/uploads\/2021\/07\/logotipo-midiapoparte-novo-1.png\",\"contentUrl\":\"https:\/\/midiapoparte.com.br\/loja\/wp-content\/uploads\/2021\/07\/logotipo-midiapoparte-novo-1.png\",\"width\":200,\"height\":33,\"caption\":\"MidiaPopArte - Loja online de quadros decorativos exclusivos\"},\"image\":{\"@id\":\"https:\/\/midiapoparte.com.br\/loja\/#\/schema\/logo\/image\/\"},\"sameAs\":[\"https:\/\/www.facebook.com\/midiaprintnet\"]}]}<\/script>\n<!-- \/ Yoast SEO Premium plugin. -->","yoast_head_json":{"title":"Quadros decorativos - MIDIAPOPARTE","description":"Quadros decorativos canvas, telas decorativas em canvas. Op\u00e7\u00f5es de quadros em canvas para salas, quartos e escrit\u00f3rios","robots":{"index":"index","follow":"follow","max-snippet":"max-snippet:-1","max-image-preview":"max-image-preview:large","max-video-preview":"max-video-preview:-1"},"canonical":"https:\/\/midiapoparte.com.br\/loja\/quadros-decorativos-canvas-modernos-elegantes\/","og_locale":"pt_BR","og_type":"article","og_title":"Quadros decorativos","og_description":"Quadros decorativos canvas, telas decorativas em canvas. Op\u00e7\u00f5es de quadros em canvas para salas, quartos e escrit\u00f3rios","og_url":"https:\/\/midiapoparte.com.br\/loja\/quadros-decorativos-canvas-modernos-elegantes\/","og_site_name":"MIDIAPOPARTE","article_publisher":"https:\/\/www.facebook.com\/midiaprintnet","article_modified_time":"2021-07-31T16:45:54+00:00","twitter_card":"summary_large_image","twitter_misc":{"Est. tempo de leitura":"2 minutos"},"schema":{"@context":"https:\/\/schema.org","@graph":[{"@type":"WebPage","@id":"https:\/\/midiapoparte.com.br\/loja\/quadros-decorativos-canvas-modernos-elegantes\/","url":"https:\/\/midiapoparte.com.br\/loja\/quadros-decorativos-canvas-modernos-elegantes\/","name":"Quadros decorativos - MIDIAPOPARTE","isPartOf":{"@id":"https:\/\/midiapoparte.com.br\/loja\/#website"},"datePublished":"2021-07-31T16:18:30+00:00","dateModified":"2021-07-31T16:45:54+00:00","description":"Quadros decorativos canvas, telas decorativas em canvas. Op\u00e7\u00f5es de quadros em canvas para salas, quartos e escrit\u00f3rios","breadcrumb":{"@id":"https:\/\/midiapoparte.com.br\/loja\/quadros-decorativos-canvas-modernos-elegantes\/#breadcrumb"},"inLanguage":"pt-BR","potentialAction":[{"@type":"ReadAction","target":["https:\/\/midiapoparte.com.br\/loja\/quadros-decorativos-canvas-modernos-elegantes\/"]}]},{"@type":"BreadcrumbList","@id":"https:\/\/midiapoparte.com.br\/loja\/quadros-decorativos-canvas-modernos-elegantes\/#breadcrumb","itemListElement":[{"@type":"ListItem","position":1,"name":"Home","item":"https:\/\/midiapoparte.com.br\/loja\/"},{"@type":"ListItem","position":2,"name":"Quadros decorativos"}]},{"@type":"WebSite","@id":"https:\/\/midiapoparte.com.br\/loja\/#website","url":"https:\/\/midiapoparte.com.br\/loja\/","name":"MIDIAPOPARTE","description":"Loja Online de Quadros Decorativos Exclusivos","publisher":{"@id":"https:\/\/midiapoparte.com.br\/loja\/#organization"},"potentialAction":[{"@type":"SearchAction","target":{"@type":"EntryPoint","urlTemplate":"https:\/\/midiapoparte.com.br\/loja\/?s={search_term_string}"},"query-input":{"@type":"PropertyValueSpecification","valueRequired":true,"valueName":"search_term_string"}}],"inLanguage":"pt-BR"},{"@type":"Organization","@id":"https:\/\/midiapoparte.com.br\/loja\/#organization","name":"MidiaPopArte - Loja online de quadros decorativos exclusivos","url":"https:\/\/midiapoparte.com.br\/loja\/","logo":{"@type":"ImageObject","inLanguage":"pt-BR","@id":"https:\/\/midiapoparte.com.br\/loja\/#\/schema\/logo\/image\/","url":"https:\/\/midiapoparte.com.br\/loja\/wp-content\/uploads\/2021\/07\/logotipo-midiapoparte-novo-1.png","contentUrl":"https:\/\/midiapoparte.com.br\/loja\/wp-content\/uploads\/2021\/07\/logotipo-midiapoparte-novo-1.png","width":200,"height":33,"caption":"MidiaPopArte - Loja online de quadros decorativos exclusivos"},"image":{"@id":"https:\/\/midiapoparte.com.br\/loja\/#\/schema\/logo\/image\/"},"sameAs":["https:\/\/www.facebook.com\/midiaprintnet"]}]}},"_links":{"self":[{"href":"https:\/\/midiapoparte.com.br\/loja\/wp-json\/wp\/v2\/pages\/1954","targetHints":{"allow":["GET"]}}],"collection":[{"href":"https:\/\/midiapoparte.com.br\/loja\/wp-json\/wp\/v2\/pages"}],"about":[{"href":"https:\/\/midiapoparte.com.br\/loja\/wp-json\/wp\/v2\/types\/page"}],"author":[{"embeddable":true,"href":"https:\/\/midiapoparte.com.br\/loja\/wp-json\/wp\/v2\/users\/1"}],"replies":[{"embeddable":true,"href":"https:\/\/midiapoparte.com.br\/loja\/wp-json\/wp\/v2\/comments?post=1954"}],"version-history":[{"count":12,"href":"https:\/\/midiapoparte.com.br\/loja\/wp-json\/wp\/v2\/pages\/1954\/revisions"}],"predecessor-version":[{"id":1968,"href":"https:\/\/midiapoparte.com.br\/loja\/wp-json\/wp\/v2\/pages\/1954\/revisions\/1968"}],"wp:attachment":[{"href":"https:\/\/midiapoparte.com.br\/loja\/wp-json\/wp\/v2\/media?parent=1954"}],"curies":[{"name":"wp","href":"https:\/\/api.w.org\/{rel}","templated":true}]}}